{"id":3132,"date":"2021-09-20T16:27:27","date_gmt":"2021-09-20T14:27:27","guid":{"rendered":"https:\/\/misscocktail.fr\/?page_id=3132"},"modified":"2023-10-14T15:53:51","modified_gmt":"2023-10-14T13:53:51","slug":"miss-cocktail-4ever","status":"publish","type":"page","link":"https:\/\/misscocktail.fr\/?page_id=3132","title":{"rendered":"Miss Cocktail All Stars"},"content":{"rendered":"\n<hr class=\"wp-block-separator has-text-color has-css-opacity has-background is-style-default\" style=\"background-color:#db8606;color:#db8606\"\/>\n\n\n\n<div style=\"height:35px\" aria-hidden=\"true\" class=\"wp-block-spacer\"><\/div>\n\n\n\n<div class=\"wp-block-group\"><div class=\"wp-block-group__inner-container is-layout-flow wp-block-group-is-layout-flow\">\n<p>Le 30 novembre 2013 a eu lieu la grande c\u00e9r\u00e9monie d&rsquo;\u00e9lection <strong>Miss Cocktail All Stars<\/strong>. Lors de cette grande soir\u00e9e qui a d\u00e9partag\u00e9 les gagnantes des ann\u00e9es pr\u00e9c\u00e9dentes, c&rsquo;est Miss Cocktail 2013 qui a \u00e9t\u00e9 \u00e9lue comme <strong>LA MISS COCKTAIL ALL STARS<\/strong>.<\/p>\n<\/div><\/div>\n\n\n\n<div style=\"height:25px\" aria-hidden=\"true\" class=\"wp-block-spacer\"><\/div>\n\n\n\n<div class=\"wp-block-columns is-layout-flex wp-container-core-columns-is-layout-9d6595d7 wp-block-columns-is-layout-flex\">\n<div class=\"wp-block-column is-vertically-aligned-center is-layout-flow wp-block-column-is-layout-flow\"><div class=\"wp-block-image is-style-rounded\">\n<figure class=\"aligncenter size-full is-resized\"><a href=\"https:\/\/misscocktail.fr\/wp-content\/uploads\/2021\/09\/MCF_MC.jpg\"><img loading=\"lazy\" decoding=\"async\" width=\"429\" height=\"429\" src=\"https:\/\/misscocktail.fr\/wp-content\/uploads\/2021\/09\/MCF_MC.jpg\" alt=\"\" class=\"wp-image-3138\" style=\"width:350px;height:350px\" srcset=\"https:\/\/misscocktail.fr\/wp-content\/uploads\/2021\/09\/MCF_MC.jpg 429w, https:\/\/misscocktail.fr\/wp-content\/uploads\/2021\/09\/MCF_MC-300x300.jpg 300w, https:\/\/misscocktail.fr\/wp-content\/uploads\/2021\/09\/MCF_MC-150x150.jpg 150w, https:\/\/misscocktail.fr\/wp-content\/uploads\/2021\/09\/MCF_MC-75x75.jpg 75w\" sizes=\"auto, (max-width: 429px) 100vw, 429px\" \/><\/a><\/figure>\n<\/div><\/div>\n\n\n\n<div class=\"wp-block-column is-vertically-aligned-center is-layout-flow wp-block-column-is-layout-flow\">\n<p class=\"has-large-font-size\"><strong><mark style=\"background-color:rgba(0, 0, 0, 0);color:#db8606\" class=\"has-inline-color\">MISS COCKTAIL ALL STARS<\/mark><\/strong> <\/p>\n\n\n\n<p class=\"has-medium-font-size\"><strong>Miss Cocktail 2013<\/strong><\/p>\n\n\n\n<p><strong>Nom : <\/strong>Lise<br><strong>Profession : <\/strong>Eleveuse de monstres (et accessoirement feignasse toujours en vacances)<br><strong>\u00c2ge : <\/strong>27 ans<\/p>\n<\/div>\n<\/div>\n\n\n\n<hr class=\"wp-block-separator has-text-color has-css-opacity has-background is-style-wide\" style=\"background-color:#db8606;color:#db8606\"\/>\n\n\n\n<h3 class=\"wp-block-heading has-text-align-left\">Les Dauphines<\/h3>\n\n\n\n<p>Les autres Miss se sont r\u00e9partie les postes non moins prestigieux de Dauphines de Miss Cocktail All Stars. Les votes du Jury et du public les ont class\u00e9es ainsi :<\/p>\n\n\n\n<div style=\"height:25px\" aria-hidden=\"true\" class=\"wp-block-spacer\"><\/div>\n\n\n\n<div class=\"wp-block-columns is-layout-flex wp-container-core-columns-is-layout-9d6595d7 wp-block-columns-is-layout-flex\">\n<div class=\"wp-block-column is-layout-flow wp-block-column-is-layout-flow\"><div class=\"wp-block-image is-style-rounded\">\n<figure class=\"alignleft size-thumbnail\"><a href=\"https:\/\/misscocktail.fr\/wp-content\/uploads\/2021\/09\/MCF_Dauphine1.jpg\"><img loading=\"lazy\" decoding=\"async\" width=\"150\" height=\"150\" src=\"https:\/\/misscocktail.fr\/wp-content\/uploads\/2021\/09\/MCF_Dauphine1-150x150.jpg\" alt=\"\" class=\"wp-image-3135\" srcset=\"https:\/\/misscocktail.fr\/wp-content\/uploads\/2021\/09\/MCF_Dauphine1-150x150.jpg 150w, https:\/\/misscocktail.fr\/wp-content\/uploads\/2021\/09\/MCF_Dauphine1-300x300.jpg 300w, https:\/\/misscocktail.fr\/wp-content\/uploads\/2021\/09\/MCF_Dauphine1-75x75.jpg 75w, https:\/\/misscocktail.fr\/wp-content\/uploads\/2021\/09\/MCF_Dauphine1.jpg 555w\" sizes=\"auto, (max-width: 150px) 100vw, 150px\" \/><\/a><figcaption class=\"wp-element-caption\"><strong>Miss Cocktail 2012<\/strong><\/figcaption><\/figure>\n<\/div>\n\n\n<p class=\"has-text-align-left has-medium-font-size\"><mark style=\"background-color:rgba(0, 0, 0, 0);color:#db8606\" class=\"has-inline-color\"><strong><strong>1\u00e8re Dauphine<\/strong><\/strong><\/mark><br><mark style=\"background-color:rgba(0, 0, 0, 0);color:#db8606\" class=\"has-inline-color\"><strong><strong>Miss Cocktail<\/strong> All Stars<\/strong><\/mark><\/p>\n\n\n\n<p class=\"has-text-align-left has-normal-font-size\"><strong>Miss Cocktail 2012<br>Nom :<\/strong> Samantha<br><strong>Profession :<\/strong> Posti\u00e8re<br><strong>\u00c2ge :<\/strong> 27 ans<\/p>\n<\/div>\n\n\n\n<div class=\"wp-block-column is-layout-flow wp-block-column-is-layout-flow\"><div class=\"wp-block-image is-style-rounded\">\n<figure class=\"alignleft size-thumbnail\"><a href=\"https:\/\/misscocktail.fr\/wp-content\/uploads\/2021\/09\/MCF_Dauphine2.jpg\"><img loading=\"lazy\" decoding=\"async\" width=\"150\" height=\"150\" src=\"https:\/\/misscocktail.fr\/wp-content\/uploads\/2021\/09\/MCF_Dauphine2-150x150.jpg\" alt=\"\" class=\"wp-image-3136\" srcset=\"https:\/\/misscocktail.fr\/wp-content\/uploads\/2021\/09\/MCF_Dauphine2-150x150.jpg 150w, https:\/\/misscocktail.fr\/wp-content\/uploads\/2021\/09\/MCF_Dauphine2-300x300.jpg 300w, https:\/\/misscocktail.fr\/wp-content\/uploads\/2021\/09\/MCF_Dauphine2-75x75.jpg 75w, https:\/\/misscocktail.fr\/wp-content\/uploads\/2021\/09\/MCF_Dauphine2.jpg 305w\" sizes=\"auto, (max-width: 150px) 100vw, 150px\" \/><\/a><figcaption class=\"wp-element-caption\"><strong>Miss Cocktail 2010<\/strong><\/figcaption><\/figure>\n<\/div>\n\n\n<p class=\"has-text-align-left has-medium-font-size\"><strong><strong><mark style=\"background-color:rgba(0, 0, 0, 0);color:#db8606\" class=\"has-inline-color\">2\u00e8me Dauphine<\/mark><\/strong><\/strong><br><strong><strong><mark style=\"background-color:rgba(0, 0, 0, 0);color:#db8606\" class=\"has-inline-color\">Miss Cocktail All Stars<\/mark><\/strong><\/strong><\/p>\n\n\n\n<p class=\"has-text-align-left has-normal-font-size\"><strong>Miss Cocktail 2010<br>Nom :<\/strong> Matias<br><strong>Profession :<\/strong> Styliste<br><strong>\u00c2ge :<\/strong> 26 ans<\/p>\n<\/div>\n<\/div>\n\n\n\n<hr class=\"wp-block-separator has-text-color has-css-opacity has-background is-style-wide\" style=\"background-color:#db8606;color:#db8606\"\/>\n\n\n\n<p class=\"has-text-align-center has-text-color\" style=\"color:#db8606\">Revivez les moments forts de cette \u00e9lection, avec l&rsquo;album photo de cette soir\u00e9e inoubliable :<\/p>\n\n\n\n<div class=\"wp-block-buttons is-horizontal is-content-justification-center is-layout-flex wp-container-core-buttons-is-layout-499968f5 wp-block-buttons-is-layout-flex\">\n<div class=\"wp-block-button is-style-fill\"><a class=\"wp-block-button__link has-background wp-element-button\" href=\"https:\/\/misscocktail.fr\/?p=1794\" style=\"background-color:#db8606\">Album photo<\/a><\/div>\n<\/div>\n","protected":false},"excerpt":{"rendered":"<p>Le 30 novembre 2013 a eu lieu la grande c\u00e9r\u00e9monie d&rsquo;\u00e9lection Miss Cocktail All Stars. Lors de cette grande soir\u00e9e qui a d\u00e9partag\u00e9 les gagnantes des ann\u00e9es pr\u00e9c\u00e9dentes, c&rsquo;est Miss Cocktail 2013 qui a \u00e9t\u00e9 \u00e9lue comme LA MISS COCKTAIL ALL STARS. MISS COCKTAIL ALL STARS Miss Cocktail 2013 Nom : LiseProfession : Eleveuse de monstres (et accessoirement feignasse toujours en vacances)\u00c2ge : 27 ans Les Dauphines Les autres Miss se sont r\u00e9partie les postes non moins prestigieux de Dauphines de Miss Cocktail All Stars. Les votes du Jury et du public les ont class\u00e9es ainsi : 1\u00e8re DauphineMiss Cocktail All Stars Miss Cocktail 2012Nom : SamanthaProfession : Posti\u00e8re\u00c2ge : 27 ans 2\u00e8me DauphineMiss Cocktail All Stars Miss Cocktail 2010Nom : MatiasProfession : Styliste\u00c2ge : 26 ans Revivez les moments forts de cette \u00e9lection, avec l&rsquo;album photo de cette soir\u00e9e inoubliable :<\/p>\n","protected":false},"author":1,"featured_media":0,"parent":0,"menu_order":0,"comment_status":"closed","ping_status":"closed","template":"","meta":{"_acf_changed":false,"pgc_sgb_lightbox_settings":"","footnotes":""},"folder":[11],"class_list":["post-3132","page","type-page","status-publish","hentry"],"acf":[],"yoast_head":"<!-- This site is optimized with the Yoast SEO plugin v26.7 - https:\/\/yoast.com\/wordpress\/plugins\/seo\/ -->\n<title>Miss Cocktail All Stars - Comit\u00e9 Miss Cocktail<\/title>\n<meta name=\"robots\" content=\"index, follow, max-snippet:-1, max-image-preview:large, max-video-preview:-1\" \/>\n<link rel=\"canonical\" href=\"https:\/\/misscocktail.fr\/?page_id=3132\" \/>\n<meta property=\"og:locale\" content=\"fr_FR\" \/>\n<meta property=\"og:type\" content=\"article\" \/>\n<meta property=\"og:title\" content=\"Miss Cocktail All Stars - Comit\u00e9 Miss Cocktail\" \/>\n<meta property=\"og:description\" content=\"Le 30 novembre 2013 a eu lieu la grande c\u00e9r\u00e9monie d&rsquo;\u00e9lection Miss Cocktail All Stars. Lors de cette grande soir\u00e9e qui a d\u00e9partag\u00e9 les gagnantes des ann\u00e9es pr\u00e9c\u00e9dentes, c&rsquo;est Miss Cocktail 2013 qui a \u00e9t\u00e9 \u00e9lue comme LA MISS COCKTAIL ALL STARS. MISS COCKTAIL ALL STARS Miss Cocktail 2013 Nom : LiseProfession : Eleveuse de monstres (et accessoirement feignasse toujours en vacances)\u00c2ge : 27 ans Les Dauphines Les autres Miss se sont r\u00e9partie les postes non moins prestigieux de Dauphines de Miss Cocktail All Stars. Les votes du Jury et du public les ont class\u00e9es ainsi : 1\u00e8re DauphineMiss Cocktail All Stars Miss Cocktail 2012Nom : SamanthaProfession : Posti\u00e8re\u00c2ge : 27 ans 2\u00e8me DauphineMiss Cocktail All Stars Miss Cocktail 2010Nom : MatiasProfession : Styliste\u00c2ge : 26 ans Revivez les moments forts de cette \u00e9lection, avec l&rsquo;album photo de cette soir\u00e9e inoubliable :\" \/>\n<meta property=\"og:url\" content=\"https:\/\/misscocktail.fr\/?page_id=3132\" \/>\n<meta property=\"og:site_name\" content=\"Comit\u00e9 Miss Cocktail\" \/>\n<meta property=\"article:publisher\" content=\"https:\/\/www.facebook.com\/groups\/misscocktail\" \/>\n<meta property=\"article:modified_time\" content=\"2023-10-14T13:53:51+00:00\" \/>\n<meta property=\"og:image\" content=\"https:\/\/misscocktail.fr\/wp-content\/uploads\/2021\/09\/MCF_MC.jpg\" \/>\n<meta name=\"twitter:card\" content=\"summary_large_image\" \/>\n<meta name=\"twitter:label1\" content=\"Dur\u00e9e de lecture estim\u00e9e\" \/>\n\t<meta name=\"twitter:data1\" content=\"1 minute\" \/>\n<script type=\"application\/ld+json\" class=\"yoast-schema-graph\">{\"@context\":\"https:\/\/schema.org\",\"@graph\":[{\"@type\":\"WebPage\",\"@id\":\"https:\/\/misscocktail.fr\/?page_id=3132\",\"url\":\"https:\/\/misscocktail.fr\/?page_id=3132\",\"name\":\"Miss Cocktail All Stars - Comit\u00e9 Miss Cocktail\",\"isPartOf\":{\"@id\":\"https:\/\/misscocktail.fr\/#website\"},\"primaryImageOfPage\":{\"@id\":\"https:\/\/misscocktail.fr\/?page_id=3132#primaryimage\"},\"image\":{\"@id\":\"https:\/\/misscocktail.fr\/?page_id=3132#primaryimage\"},\"thumbnailUrl\":\"https:\/\/misscocktail.fr\/wp-content\/uploads\/2021\/09\/MCF_MC.jpg\",\"datePublished\":\"2021-09-20T14:27:27+00:00\",\"dateModified\":\"2023-10-14T13:53:51+00:00\",\"breadcrumb\":{\"@id\":\"https:\/\/misscocktail.fr\/?page_id=3132#breadcrumb\"},\"inLanguage\":\"fr-FR\",\"potentialAction\":[{\"@type\":\"ReadAction\",\"target\":[\"https:\/\/misscocktail.fr\/?page_id=3132\"]}]},{\"@type\":\"ImageObject\",\"inLanguage\":\"fr-FR\",\"@id\":\"https:\/\/misscocktail.fr\/?page_id=3132#primaryimage\",\"url\":\"https:\/\/misscocktail.fr\/wp-content\/uploads\/2021\/09\/MCF_MC.jpg\",\"contentUrl\":\"https:\/\/misscocktail.fr\/wp-content\/uploads\/2021\/09\/MCF_MC.jpg\"},{\"@type\":\"BreadcrumbList\",\"@id\":\"https:\/\/misscocktail.fr\/?page_id=3132#breadcrumb\",\"itemListElement\":[{\"@type\":\"ListItem\",\"position\":1,\"name\":\"Accueil\",\"item\":\"https:\/\/misscocktail.fr\/\"},{\"@type\":\"ListItem\",\"position\":2,\"name\":\"Miss Cocktail All Stars\"}]},{\"@type\":\"WebSite\",\"@id\":\"https:\/\/misscocktail.fr\/#website\",\"url\":\"https:\/\/misscocktail.fr\/\",\"name\":\"Comit\u00e9 Miss Cocktail\",\"description\":\"Genevi\u00e8ve de Parmentier\",\"publisher\":{\"@id\":\"https:\/\/misscocktail.fr\/#organization\"},\"alternateName\":\"Miss Cocktail\",\"potentialAction\":[{\"@type\":\"SearchAction\",\"target\":{\"@type\":\"EntryPoint\",\"urlTemplate\":\"https:\/\/misscocktail.fr\/?s={search_term_string}\"},\"query-input\":{\"@type\":\"PropertyValueSpecification\",\"valueRequired\":true,\"valueName\":\"search_term_string\"}}],\"inLanguage\":\"fr-FR\"},{\"@type\":\"Organization\",\"@id\":\"https:\/\/misscocktail.fr\/#organization\",\"name\":\"Comit\u00e9 Miss Cocktail\",\"alternateName\":\"Miss Cocktail\",\"url\":\"https:\/\/misscocktail.fr\/\",\"logo\":{\"@type\":\"ImageObject\",\"inLanguage\":\"fr-FR\",\"@id\":\"https:\/\/misscocktail.fr\/#\/schema\/logo\/image\/\",\"url\":\"https:\/\/misscocktail.fr\/wp-content\/uploads\/2023\/12\/faviconMC.jpg\",\"contentUrl\":\"https:\/\/misscocktail.fr\/wp-content\/uploads\/2023\/12\/faviconMC.jpg\",\"width\":600,\"height\":600,\"caption\":\"Comit\u00e9 Miss Cocktail\"},\"image\":{\"@id\":\"https:\/\/misscocktail.fr\/#\/schema\/logo\/image\/\"},\"sameAs\":[\"https:\/\/www.facebook.com\/groups\/misscocktail\"]}]}<\/script>\n<!-- \/ Yoast SEO plugin. -->","yoast_head_json":{"title":"Miss Cocktail All Stars - Comit\u00e9 Miss Cocktail","robots":{"index":"index","follow":"follow","max-snippet":"max-snippet:-1","max-image-preview":"max-image-preview:large","max-video-preview":"max-video-preview:-1"},"canonical":"https:\/\/misscocktail.fr\/?page_id=3132","og_locale":"fr_FR","og_type":"article","og_title":"Miss Cocktail All Stars - Comit\u00e9 Miss Cocktail","og_description":"Le 30 novembre 2013 a eu lieu la grande c\u00e9r\u00e9monie d&rsquo;\u00e9lection Miss Cocktail All Stars. Lors de cette grande soir\u00e9e qui a d\u00e9partag\u00e9 les gagnantes des ann\u00e9es pr\u00e9c\u00e9dentes, c&rsquo;est Miss Cocktail 2013 qui a \u00e9t\u00e9 \u00e9lue comme LA MISS COCKTAIL ALL STARS. MISS COCKTAIL ALL STARS Miss Cocktail 2013 Nom : LiseProfession : Eleveuse de monstres (et accessoirement feignasse toujours en vacances)\u00c2ge : 27 ans Les Dauphines Les autres Miss se sont r\u00e9partie les postes non moins prestigieux de Dauphines de Miss Cocktail All Stars. Les votes du Jury et du public les ont class\u00e9es ainsi : 1\u00e8re DauphineMiss Cocktail All Stars Miss Cocktail 2012Nom : SamanthaProfession : Posti\u00e8re\u00c2ge : 27 ans 2\u00e8me DauphineMiss Cocktail All Stars Miss Cocktail 2010Nom : MatiasProfession : Styliste\u00c2ge : 26 ans Revivez les moments forts de cette \u00e9lection, avec l&rsquo;album photo de cette soir\u00e9e inoubliable :","og_url":"https:\/\/misscocktail.fr\/?page_id=3132","og_site_name":"Comit\u00e9 Miss Cocktail","article_publisher":"https:\/\/www.facebook.com\/groups\/misscocktail","article_modified_time":"2023-10-14T13:53:51+00:00","og_image":[{"url":"https:\/\/misscocktail.fr\/wp-content\/uploads\/2021\/09\/MCF_MC.jpg","type":"","width":"","height":""}],"twitter_card":"summary_large_image","twitter_misc":{"Dur\u00e9e de lecture estim\u00e9e":"1 minute"},"schema":{"@context":"https:\/\/schema.org","@graph":[{"@type":"WebPage","@id":"https:\/\/misscocktail.fr\/?page_id=3132","url":"https:\/\/misscocktail.fr\/?page_id=3132","name":"Miss Cocktail All Stars - Comit\u00e9 Miss Cocktail","isPartOf":{"@id":"https:\/\/misscocktail.fr\/#website"},"primaryImageOfPage":{"@id":"https:\/\/misscocktail.fr\/?page_id=3132#primaryimage"},"image":{"@id":"https:\/\/misscocktail.fr\/?page_id=3132#primaryimage"},"thumbnailUrl":"https:\/\/misscocktail.fr\/wp-content\/uploads\/2021\/09\/MCF_MC.jpg","datePublished":"2021-09-20T14:27:27+00:00","dateModified":"2023-10-14T13:53:51+00:00","breadcrumb":{"@id":"https:\/\/misscocktail.fr\/?page_id=3132#breadcrumb"},"inLanguage":"fr-FR","potentialAction":[{"@type":"ReadAction","target":["https:\/\/misscocktail.fr\/?page_id=3132"]}]},{"@type":"ImageObject","inLanguage":"fr-FR","@id":"https:\/\/misscocktail.fr\/?page_id=3132#primaryimage","url":"https:\/\/misscocktail.fr\/wp-content\/uploads\/2021\/09\/MCF_MC.jpg","contentUrl":"https:\/\/misscocktail.fr\/wp-content\/uploads\/2021\/09\/MCF_MC.jpg"},{"@type":"BreadcrumbList","@id":"https:\/\/misscocktail.fr\/?page_id=3132#breadcrumb","itemListElement":[{"@type":"ListItem","position":1,"name":"Accueil","item":"https:\/\/misscocktail.fr\/"},{"@type":"ListItem","position":2,"name":"Miss Cocktail All Stars"}]},{"@type":"WebSite","@id":"https:\/\/misscocktail.fr\/#website","url":"https:\/\/misscocktail.fr\/","name":"Comit\u00e9 Miss Cocktail","description":"Genevi\u00e8ve de Parmentier","publisher":{"@id":"https:\/\/misscocktail.fr\/#organization"},"alternateName":"Miss Cocktail","potentialAction":[{"@type":"SearchAction","target":{"@type":"EntryPoint","urlTemplate":"https:\/\/misscocktail.fr\/?s={search_term_string}"},"query-input":{"@type":"PropertyValueSpecification","valueRequired":true,"valueName":"search_term_string"}}],"inLanguage":"fr-FR"},{"@type":"Organization","@id":"https:\/\/misscocktail.fr\/#organization","name":"Comit\u00e9 Miss Cocktail","alternateName":"Miss Cocktail","url":"https:\/\/misscocktail.fr\/","logo":{"@type":"ImageObject","inLanguage":"fr-FR","@id":"https:\/\/misscocktail.fr\/#\/schema\/logo\/image\/","url":"https:\/\/misscocktail.fr\/wp-content\/uploads\/2023\/12\/faviconMC.jpg","contentUrl":"https:\/\/misscocktail.fr\/wp-content\/uploads\/2023\/12\/faviconMC.jpg","width":600,"height":600,"caption":"Comit\u00e9 Miss Cocktail"},"image":{"@id":"https:\/\/misscocktail.fr\/#\/schema\/logo\/image\/"},"sameAs":["https:\/\/www.facebook.com\/groups\/misscocktail"]}]}},"_links":{"self":[{"href":"https:\/\/misscocktail.fr\/index.php?rest_route=\/wp\/v2\/pages\/3132","targetHints":{"allow":["GET"]}}],"collection":[{"href":"https:\/\/misscocktail.fr\/index.php?rest_route=\/wp\/v2\/pages"}],"about":[{"href":"https:\/\/misscocktail.fr\/index.php?rest_route=\/wp\/v2\/types\/page"}],"author":[{"embeddable":true,"href":"https:\/\/misscocktail.fr\/index.php?rest_route=\/wp\/v2\/users\/1"}],"replies":[{"embeddable":true,"href":"https:\/\/misscocktail.fr\/index.php?rest_route=%2Fwp%2Fv2%2Fcomments&post=3132"}],"version-history":[{"count":5,"href":"https:\/\/misscocktail.fr\/index.php?rest_route=\/wp\/v2\/pages\/3132\/revisions"}],"predecessor-version":[{"id":4090,"href":"https:\/\/misscocktail.fr\/index.php?rest_route=\/wp\/v2\/pages\/3132\/revisions\/4090"}],"wp:attachment":[{"href":"https:\/\/misscocktail.fr\/index.php?rest_route=%2Fwp%2Fv2%2Fmedia&parent=3132"}],"wp:term":[{"taxonomy":"folder","embeddable":true,"href":"https:\/\/misscocktail.fr\/index.php?rest_route=%2Fwp%2Fv2%2Ffolder&post=3132"}],"curies":[{"name":"wp","href":"https:\/\/api.w.org\/{rel}","templated":true}]}}